{"id":6062,"date":"2025-10-29T20:17:25","date_gmt":"2025-10-29T20:17:25","guid":{"rendered":"https:\/\/linkpaperoficial.com.br\/?post_type=product&#038;p=6062"},"modified":"2025-11-13T18:34:13","modified_gmt":"2025-11-13T18:34:13","slug":"estojo-box-liso-rosa","status":"publish","type":"product","link":"https:\/\/linkpaperoficial.com.br\/?product=estojo-box-liso-rosa","title":{"rendered":"Estojo Box Liso &#8211; Rosa"},"content":{"rendered":"<p data-start=\"151\" data-end=\"474\">Mantenha sua rotina mais pr\u00e1tica e charmosa com o <strong data-start=\"201\" data-end=\"241\">Estojo Box Liso Rosa.<\/strong>.<\/p>\n<p data-start=\"151\" data-end=\"474\">Perfeito para quem valoriza organiza\u00e7\u00e3o e estilo, este estojo vers\u00e1til \u00e9 ideal para uso escolar, no escrit\u00f3rio ou no dia a dia.<\/p>\n<p data-start=\"151\" data-end=\"474\">Com amplo espa\u00e7o interno, ele mant\u00e9m canetas, l\u00e1pis e acess\u00f3rios sempre protegidos e bem organizados.<\/p>\n<p data-start=\"476\" data-end=\"598\"><strong data-start=\"476\" data-end=\"529\">Estojo resistente, funcional e com design moderno<\/strong>, o companheiro perfeito para estudar, trabalhar ou levar na bolsa.<\/p>\n<p>-Postado com muito carinho ap\u00f3s a confirma\u00e7\u00e3o do pagamento!<\/p>\n<p>-As tonalidades de cores podem variar de acordo com as configura\u00e7\u00f5es de seu monitor ou celular, as imagens s\u00e3o meramente ilustrativas.<\/p>\n","protected":false},"excerpt":{"rendered":"<p>Estojo Box Liso Rosa \u2013 School Basics.<\/p>\n<p>Espa\u00e7oso, resistente e cheio de estilo! Ideal para organizar canetas, l\u00e1pis e acess\u00f3rios na escola, escrit\u00f3rio ou em casa. Espa\u00e7oso, resistente e cheio de estilo! Ideal para organizar canetas, l\u00e1pis e acess\u00f3rios na escola, escrit\u00f3rio ou em casa.<\/p>\n","protected":false},"featured_media":6063,"comment_status":"open","ping_status":"closed","template":"","meta":[],"product_brand":[],"product_cat":[82,40],"product_tag":[112],"class_list":{"0":"post-6062","1":"product","2":"type-product","3":"status-publish","4":"has-post-thumbnail","6":"product_cat-organizacao","7":"product_cat-papelaria","8":"product_tag-estojos","10":"first","11":"instock","12":"purchasable","13":"product-type-simple"},"jetpack_sharing_enabled":true,"_links":{"self":[{"href":"https:\/\/linkpaperoficial.com.br\/index.php?rest_route=\/wp\/v2\/product\/6062","targetHints":{"allow":["GET"]}}],"collection":[{"href":"https:\/\/linkpaperoficial.com.br\/index.php?rest_route=\/wp\/v2\/product"}],"about":[{"href":"https:\/\/linkpaperoficial.com.br\/index.php?rest_route=\/wp\/v2\/types\/product"}],"replies":[{"embeddable":true,"href":"https:\/\/linkpaperoficial.com.br\/index.php?rest_route=%2Fwp%2Fv2%2Fcomments&post=6062"}],"wp:featuredmedia":[{"embeddable":true,"href":"https:\/\/linkpaperoficial.com.br\/index.php?rest_route=\/wp\/v2\/media\/6063"}],"wp:attachment":[{"href":"https:\/\/linkpaperoficial.com.br\/index.php?rest_route=%2Fwp%2Fv2%2Fmedia&parent=6062"}],"wp:term":[{"taxonomy":"product_brand","embeddable":true,"href":"https:\/\/linkpaperoficial.com.br\/index.php?rest_route=%2Fwp%2Fv2%2Fproduct_brand&post=6062"},{"taxonomy":"product_cat","embeddable":true,"href":"https:\/\/linkpaperoficial.com.br\/index.php?rest_route=%2Fwp%2Fv2%2Fproduct_cat&post=6062"},{"taxonomy":"product_tag","embeddable":true,"href":"https:\/\/linkpaperoficial.com.br\/index.php?rest_route=%2Fwp%2Fv2%2Fproduct_tag&post=6062"}],"curies":[{"name":"wp","href":"https:\/\/api.w.org\/{rel}","templated":true}]}}