{"id":6030,"date":"2025-10-25T03:20:47","date_gmt":"2025-10-25T03:20:47","guid":{"rendered":"https:\/\/linkpaperoficial.com.br\/?post_type=product&#038;p=6030"},"modified":"2025-10-25T03:23:44","modified_gmt":"2025-10-25T03:23:44","slug":"cola-bastao-fashion-arco-iris","status":"publish","type":"product","link":"https:\/\/linkpaperoficial.com.br\/?product=cola-bastao-fashion-arco-iris","title":{"rendered":"Cola Bast\u00e3o Fashion &#8211; Arco \u00cdris"},"content":{"rendered":"<p>Cola Bast\u00e3o Fashion &#8211; Arco \u00cdris<\/p>\n<p>Caracter\u00edsticas do Produto:<\/p>\n<p>&#8211; Peso: 9g<br \/>\n&#8211; Aplica\u00e7\u00e3o: Incolor e uniforme<br \/>\n&#8211; Uso: Ideal para colagens em pap\u00e9is, cartolinas e mais<br \/>\n&#8211; Seguran\u00e7a: Produto at\u00f3xico, seguro para crian\u00e7as<\/p>\n<p class=\"QN2lPu\">ATEN\u00c7\u00c3O<\/p>\n<p class=\"QN2lPu\">\u2013 O fabricante\/fornecedor pode alterar detalhes de cor nos produtos, acess\u00f3rios, etc., sem aviso pr\u00e9vio;<\/p>\n<p class=\"QN2lPu\">\u2013 As tonalidades de cores podem variar de acordo com as configura\u00e7\u00f5es de seu monitor ou celular, as imagens s\u00e3o meramente ilustrativas.<\/p>\n","protected":false},"excerpt":{"rendered":"<p>A Cola Bast\u00e3o Fashion \u00e9 perfeita para o dia a dia, seja na escola ou em casa, despertando a imagina\u00e7\u00e3o dos pequenos e tornando cada projeto uma aventura de divers\u00e3o. Com um design \u00fanico e pr\u00e1tico, ela se torna um item essencial para qualquer kit de materiais escolares.<\/p>\n","protected":false},"featured_media":6031,"comment_status":"open","ping_status":"closed","template":"","meta":[],"product_brand":[106],"product_cat":[107,40],"product_tag":[79,80],"class_list":{"0":"post-6030","1":"product","2":"type-product","3":"status-publish","4":"has-post-thumbnail","6":"product_brand-kaz","7":"product_cat-colas","8":"product_cat-papelaria","9":"product_tag-cola","10":"product_tag-papelaria","12":"first","13":"instock","14":"purchasable","15":"product-type-simple"},"jetpack_sharing_enabled":true,"_links":{"self":[{"href":"https:\/\/linkpaperoficial.com.br\/index.php?rest_route=\/wp\/v2\/product\/6030","targetHints":{"allow":["GET"]}}],"collection":[{"href":"https:\/\/linkpaperoficial.com.br\/index.php?rest_route=\/wp\/v2\/product"}],"about":[{"href":"https:\/\/linkpaperoficial.com.br\/index.php?rest_route=\/wp\/v2\/types\/product"}],"replies":[{"embeddable":true,"href":"https:\/\/linkpaperoficial.com.br\/index.php?rest_route=%2Fwp%2Fv2%2Fcomments&post=6030"}],"wp:featuredmedia":[{"embeddable":true,"href":"https:\/\/linkpaperoficial.com.br\/index.php?rest_route=\/wp\/v2\/media\/6031"}],"wp:attachment":[{"href":"https:\/\/linkpaperoficial.com.br\/index.php?rest_route=%2Fwp%2Fv2%2Fmedia&parent=6030"}],"wp:term":[{"taxonomy":"product_brand","embeddable":true,"href":"https:\/\/linkpaperoficial.com.br\/index.php?rest_route=%2Fwp%2Fv2%2Fproduct_brand&post=6030"},{"taxonomy":"product_cat","embeddable":true,"href":"https:\/\/linkpaperoficial.com.br\/index.php?rest_route=%2Fwp%2Fv2%2Fproduct_cat&post=6030"},{"taxonomy":"product_tag","embeddable":true,"href":"https:\/\/linkpaperoficial.com.br\/index.php?rest_route=%2Fwp%2Fv2%2Fproduct_tag&post=6030"}],"curies":[{"name":"wp","href":"https:\/\/api.w.org\/{rel}","templated":true}]}}