{"id":5988,"date":"2025-10-22T16:29:15","date_gmt":"2025-10-22T16:29:15","guid":{"rendered":"https:\/\/linkpaperoficial.com.br\/?post_type=product&#038;p=5988"},"modified":"2025-11-13T20:46:18","modified_gmt":"2025-11-13T20:46:18","slug":"luminaria-led-estrela-light","status":"publish","type":"product","link":"https:\/\/linkpaperoficial.com.br\/?product=luminaria-led-estrela-light","title":{"rendered":"Lumin\u00e1ria Estrela Super Mario Bros 3D &#8211; Super Star Light"},"content":{"rendered":"<p class=\"QN2lPu\">A Lumin\u00e1ria LED Estrela Super Mario Bros 3D \u00e9 perfeita para f\u00e3s da franquia e para quem quer uma decora\u00e7\u00e3o criativa e divertida. Com design fiel \u00e0 Super Star Light, ela traz um toque nost\u00e1lgico para o quarto, escrit\u00f3rio ou cole\u00e7\u00e3o geek.<\/p>\n<p class=\"QN2lPu\">\ud83c\udfae Caracter\u00edsticas:<\/p>\n<p class=\"QN2lPu\">Design 3D inspirado na Estrela do Super Mario Bros<\/p>\n<p class=\"QN2lPu\">Luz LED brilhante e aconchegante<\/p>\n<p class=\"QN2lPu\">Recarreg\u00e1vel via USB (carregador incluso)<\/p>\n<p class=\"QN2lPu\">Tamanho aproximado: 13x13cm<\/p>\n<p class=\"QN2lPu\">Ideal para decora\u00e7\u00e3o geek e presente criativo<\/p>\n<p class=\"QN2lPu\">\ud83d\udca1 Dica: \u00d3tima para iluminar seu setup gamer ou compor cen\u00e1rios tem\u00e1ticos de fotos e v\u00eddeos.<\/p>\n","protected":false},"excerpt":{"rendered":"<p>A Lumin\u00e1ria LED Estrela Super Mario Bros 3D \u00e9 perfeita para f\u00e3s da franquia e para quem quer uma decora\u00e7\u00e3o criativa e divertida. Com design fiel \u00e0 Super Star Light, ela traz um toque nost\u00e1lgico para o quarto, escrit\u00f3rio ou cole\u00e7\u00e3o geek.<\/p>\n","protected":false},"featured_media":5989,"comment_status":"open","ping_status":"closed","template":"","meta":[],"product_brand":[],"product_cat":[17,81],"product_tag":[98,99],"class_list":{"0":"post-5988","1":"product","2":"type-product","3":"status-publish","4":"has-post-thumbnail","6":"product_cat-geek","7":"product_cat-decoracaoecasa","8":"product_tag-decoracao","9":"product_tag-super-mario","11":"first","12":"instock","13":"sold-individually","14":"purchasable","15":"product-type-simple"},"jetpack_sharing_enabled":true,"_links":{"self":[{"href":"https:\/\/linkpaperoficial.com.br\/index.php?rest_route=\/wp\/v2\/product\/5988","targetHints":{"allow":["GET"]}}],"collection":[{"href":"https:\/\/linkpaperoficial.com.br\/index.php?rest_route=\/wp\/v2\/product"}],"about":[{"href":"https:\/\/linkpaperoficial.com.br\/index.php?rest_route=\/wp\/v2\/types\/product"}],"replies":[{"embeddable":true,"href":"https:\/\/linkpaperoficial.com.br\/index.php?rest_route=%2Fwp%2Fv2%2Fcomments&post=5988"}],"wp:featuredmedia":[{"embeddable":true,"href":"https:\/\/linkpaperoficial.com.br\/index.php?rest_route=\/wp\/v2\/media\/5989"}],"wp:attachment":[{"href":"https:\/\/linkpaperoficial.com.br\/index.php?rest_route=%2Fwp%2Fv2%2Fmedia&parent=5988"}],"wp:term":[{"taxonomy":"product_brand","embeddable":true,"href":"https:\/\/linkpaperoficial.com.br\/index.php?rest_route=%2Fwp%2Fv2%2Fproduct_brand&post=5988"},{"taxonomy":"product_cat","embeddable":true,"href":"https:\/\/linkpaperoficial.com.br\/index.php?rest_route=%2Fwp%2Fv2%2Fproduct_cat&post=5988"},{"taxonomy":"product_tag","embeddable":true,"href":"https:\/\/linkpaperoficial.com.br\/index.php?rest_route=%2Fwp%2Fv2%2Fproduct_tag&post=5988"}],"curies":[{"name":"wp","href":"https:\/\/api.w.org\/{rel}","templated":true}]}}