{"id":5929,"date":"2025-10-19T17:24:06","date_gmt":"2025-10-19T17:24:06","guid":{"rendered":"https:\/\/linkpaperoficial.com.br\/?post_type=product&#038;p=5929"},"modified":"2025-11-04T18:59:13","modified_gmt":"2025-11-04T18:59:13","slug":"bau-misterioso-link-paper-surpresas-criativas-v2","status":"publish","type":"product","link":"https:\/\/linkpaperoficial.com.br\/?product=bau-misterioso-link-paper-surpresas-criativas-v2","title":{"rendered":"Ba\u00fa Misterioso Link Paper \u2013 Surpresas Criativas de Fofuras"},"content":{"rendered":"<p data-start=\"330\" data-end=\"597\">\u2728 <strong data-start=\"332\" data-end=\"361\">Ba\u00fa Misterioso V2 Link Paper<\/strong> \u2728<\/p>\n<p data-start=\"612\" data-end=\"722\">Um convite para quem ama o inesperado e n\u00e3o resiste a um toque de magia. Abra se tiver coragem de se apaixonar!<\/p>\n<p data-start=\"724\" data-end=\"940\"><strong>Dentro deste ba\u00fa, voc\u00ea encontrar\u00e1 uma sele\u00e7\u00e3o \u00fanica de produtos de papelaria criativa \u2014 escolhidos com carinho e montados especialmente para surpreender. Cada pedido \u00e9 diferente, o que torna cada experi\u00eancia \u00fanica!<\/strong><\/p>\n<p data-start=\"942\" data-end=\"977\">\ud83d\udc8c <strong data-start=\"945\" data-end=\"975\">O que voc\u00ea pode encontrar:<\/strong><\/p>\n<ul data-start=\"978\" data-end=\"1186\">\n<li data-start=\"978\" data-end=\"1015\">\n<p data-start=\"980\" data-end=\"1015\">Canetas colecion\u00e1veis e coloridas<\/p>\n<\/li>\n<li data-start=\"1016\" data-end=\"1052\">\n<p data-start=\"1018\" data-end=\"1052\">Adesivos e figurinhas exclusivas<\/p>\n<\/li>\n<li data-start=\"1053\" data-end=\"1089\">\n<p data-start=\"1055\" data-end=\"1089\">Bloquinhos anota\u00e7\u00f5es<\/p>\n<\/li>\n<li data-start=\"1090\" data-end=\"1130\">\n<p data-start=\"1092\" data-end=\"1130\">Washi tapes e acess\u00f3rios decorativos<\/p>\n<\/li>\n<li data-start=\"1131\" data-end=\"1186\">\n<p data-start=\"1133\" data-end=\"1186\">Itens criativos que inspiram sua rotina<\/p>\n<\/li>\n<\/ul>\n<p data-start=\"1188\" data-end=\"1219\">\ud83c\udf81 <strong data-start=\"1191\" data-end=\"1217\">Por que voc\u00ea vai amar:<\/strong><\/p>\n<ul data-start=\"1220\" data-end=\"1436\">\n<li data-start=\"1220\" data-end=\"1271\">\n<p data-start=\"1222\" data-end=\"1271\">Cada ba\u00fa \u00e9 uma surpresa \u2014 ningu\u00e9m recebe igual!<\/p>\n<\/li>\n<li data-start=\"1272\" data-end=\"1317\">\n<p data-start=\"1274\" data-end=\"1317\">Perfeito para presentear ou se presentear<\/p>\n<\/li>\n<li data-start=\"1318\" data-end=\"1361\">\n<p data-start=\"1320\" data-end=\"1361\">Itens selecionados com qualidade e amor<\/p>\n<\/li>\n<li data-start=\"1362\" data-end=\"1436\">\n<p data-start=\"1364\" data-end=\"1436\">Embalagem tem\u00e1tica que transforma o unboxing em uma experi\u00eancia m\u00e1gica<\/p>\n<\/li>\n<\/ul>\n<p data-start=\"1438\" data-end=\"1591\">\ud83e\udded <strong data-start=\"1441\" data-end=\"1460\">ATEN\u00c7\u00c3O Estilo do Ba\u00fa:<\/strong><br data-start=\"1460\" data-end=\"1463\" \/>Dispon\u00edvel em diferentes vers\u00f5es \u2014 <strong>ESSE BA\u00da \u00c9 O DE ITENS PAPELARIA CRIATIVA.<\/strong><\/p>\n","protected":false},"excerpt":{"rendered":"<p>Descubra o encanto das surpresas! Cada <strong data-start=\"404\" data-end=\"433\">Ba\u00fa Misterioso Link Paper<\/strong> vem com itens exclusivos de papelaria geek e criativa \u2014 canetas, adesivos, blocos e muito mais. Nenhum ba\u00fa \u00e9 igual ao outro!<\/p>\n","protected":false},"featured_media":6147,"comment_status":"open","ping_status":"closed","template":"","meta":[],"product_brand":[],"product_cat":[89,100],"product_tag":[90,91],"class_list":{"0":"post-5929","1":"product","2":"type-product","3":"status-publish","4":"has-post-thumbnail","6":"product_cat-kits-de-aventura","7":"product_cat-kits-misteriosos","8":"product_tag-baus","9":"product_tag-kits","11":"first","12":"onbackorder","13":"taxable","14":"shipping-taxable","15":"purchasable","16":"product-type-simple"},"jetpack_sharing_enabled":true,"_links":{"self":[{"href":"https:\/\/linkpaperoficial.com.br\/index.php?rest_route=\/wp\/v2\/product\/5929","targetHints":{"allow":["GET"]}}],"collection":[{"href":"https:\/\/linkpaperoficial.com.br\/index.php?rest_route=\/wp\/v2\/product"}],"about":[{"href":"https:\/\/linkpaperoficial.com.br\/index.php?rest_route=\/wp\/v2\/types\/product"}],"replies":[{"embeddable":true,"href":"https:\/\/linkpaperoficial.com.br\/index.php?rest_route=%2Fwp%2Fv2%2Fcomments&post=5929"}],"wp:featuredmedia":[{"embeddable":true,"href":"https:\/\/linkpaperoficial.com.br\/index.php?rest_route=\/wp\/v2\/media\/6147"}],"wp:attachment":[{"href":"https:\/\/linkpaperoficial.com.br\/index.php?rest_route=%2Fwp%2Fv2%2Fmedia&parent=5929"}],"wp:term":[{"taxonomy":"product_brand","embeddable":true,"href":"https:\/\/linkpaperoficial.com.br\/index.php?rest_route=%2Fwp%2Fv2%2Fproduct_brand&post=5929"},{"taxonomy":"product_cat","embeddable":true,"href":"https:\/\/linkpaperoficial.com.br\/index.php?rest_route=%2Fwp%2Fv2%2Fproduct_cat&post=5929"},{"taxonomy":"product_tag","embeddable":true,"href":"https:\/\/linkpaperoficial.com.br\/index.php?rest_route=%2Fwp%2Fv2%2Fproduct_tag&post=5929"}],"curies":[{"name":"wp","href":"https:\/\/api.w.org\/{rel}","templated":true}]}}