{"id":3681,"date":"2025-10-17T18:43:25","date_gmt":"2025-10-17T18:43:25","guid":{"rendered":"https:\/\/linkpaperoficial.com.br\/product\/pulses-from-organic-farm\/"},"modified":"2025-10-31T23:15:48","modified_gmt":"2025-10-31T23:15:48","slug":"clip-fofo-harry-potter","status":"publish","type":"product","link":"https:\/\/linkpaperoficial.com.br\/?product=clip-fofo-harry-potter","title":{"rendered":"Clip Fofo &#8211; Cole\u00e7\u00e3o Harry Potter"},"content":{"rendered":"<p class=\"QN2lPu\">Marcador de P\u00e1gina em formato de Clips Cole\u00e7\u00e3o Harry Potter , conforme a foto.<\/p>\n<p class=\"QN2lPu\">Material: Metal e silicone<\/p>\n<p class=\"QN2lPu\">Produto Novo.<\/p>\n<p class=\"QN2lPu\">medida: 6cm<\/p>\n","protected":false},"excerpt":{"rendered":"<p>Marcador de P\u00e1gina em formato de Clips Harry Potter. Feito de Metal e Silicone. Escolha seu personagem favorito:<\/p>\n","protected":false},"featured_media":5917,"comment_status":"open","ping_status":"closed","template":"","meta":[],"product_brand":[],"product_cat":[28,40],"product_tag":[88,87],"class_list":{"0":"post-3681","1":"product","2":"type-product","3":"status-publish","4":"has-post-thumbnail","6":"product_cat-clips","7":"product_cat-papelaria","8":"product_tag-clips","9":"product_tag-harry-potter","10":"pa_personagens_harrypotter-hagrid","11":"pa_personagens_harrypotter-harry-potter","12":"pa_personagens_harrypotter-hermione","13":"pa_personagens_harrypotter-luna-leao","14":"pa_personagens_harrypotter-malfoy","15":"pa_personagens_harrypotter-voldermort","17":"first","18":"instock","19":"purchasable","20":"product-type-variable","21":"has-default-attributes"},"jetpack_sharing_enabled":true,"_links":{"self":[{"href":"https:\/\/linkpaperoficial.com.br\/index.php?rest_route=\/wp\/v2\/product\/3681","targetHints":{"allow":["GET"]}}],"collection":[{"href":"https:\/\/linkpaperoficial.com.br\/index.php?rest_route=\/wp\/v2\/product"}],"about":[{"href":"https:\/\/linkpaperoficial.com.br\/index.php?rest_route=\/wp\/v2\/types\/product"}],"replies":[{"embeddable":true,"href":"https:\/\/linkpaperoficial.com.br\/index.php?rest_route=%2Fwp%2Fv2%2Fcomments&post=3681"}],"wp:featuredmedia":[{"embeddable":true,"href":"https:\/\/linkpaperoficial.com.br\/index.php?rest_route=\/wp\/v2\/media\/5917"}],"wp:attachment":[{"href":"https:\/\/linkpaperoficial.com.br\/index.php?rest_route=%2Fwp%2Fv2%2Fmedia&parent=3681"}],"wp:term":[{"taxonomy":"product_brand","embeddable":true,"href":"https:\/\/linkpaperoficial.com.br\/index.php?rest_route=%2Fwp%2Fv2%2Fproduct_brand&post=3681"},{"taxonomy":"product_cat","embeddable":true,"href":"https:\/\/linkpaperoficial.com.br\/index.php?rest_route=%2Fwp%2Fv2%2Fproduct_cat&post=3681"},{"taxonomy":"product_tag","embeddable":true,"href":"https:\/\/linkpaperoficial.com.br\/index.php?rest_route=%2Fwp%2Fv2%2Fproduct_tag&post=3681"}],"curies":[{"name":"wp","href":"https:\/\/api.w.org\/{rel}","templated":true}]}}